when g is divided by 10*(-7)/(-35) + 12?
11
Let i(m) be the second derivative of m**4/12 + 2*m**3/3 - 4*m**2 + 3*m. Let d(u) = u**3 - 8*u**2 + u + 2. Calculate the remainder when d(8) is divided by i(-6).
2
Let r(a) = 63*a**2 - 3*a - 13. What is the remainder when r(-2) is divided by 14?
7
Let d be 3/(3*(-5)/105). Let u = 38 + d. Calculate the remainder when 32 is divided by u.
15
Let k(u) = -11*u - 69. What is the remainder when 465 is divided by k(-11)?
49
Calculate the remainder when (-10 + (-128)/(-16))/((-1)/175) is divided by 19.
8
Let t(j) = -j**2 + 10*j + 2. Let v be t(8). What is the remainder when 12/v*-74*(-3)/2 is divided by 25?
24
Suppose 3*x = 3*m + 5*x - 1, 2*x = 4. Calculate the remainder when (-3 + (-2)/m)/(-1) - -52 is divided by 8.
5
Suppose 958 = -6*z + 2722. Calculate the remainder when z is divided by 27.
24
Suppose -115 = -a + 5*r, 6*r - 2*r = -4. Suppose -6*n = -11*n + a. Let p = 3 + 3. Calculate the remainder when n is divided by p.
4
Let r(u) = u**3 - 7*u**2 - 4*u - 9. Let l be r(8). Suppose -l + 6 = -b. What is the remainder when 29 is divided by b?
12
Let c = 322 - 308. Calculate the remainder when 9*-3*(-1 - 0) is divided by c.
13
Suppose 0 = -3*v + 5*t - 137, -2*t - 42 = 2*v - v. Let n = v + 71. Calculate the remainder when 188 is divided by n.
26
Let o(n) = 9*n**3 + n**2. Let g be o(1). Suppose -13*c = 2*c - 375. Suppose g*m - 5*m = c. What is the remainder when 18 is divided by m?
3
Let w(z) = z + 104. Calculate the remainder when 608 is divided by w(-17).
86
Let r(a) = 46*a + 1. Let b be r(2). Let c = b - 6. Calculate the remainder when c is divided by (-134)/(-6) + (13 - (-360)/(-27)).
21
Let b = 118 + -107. Suppose -1 + 13 = 3*j. Calculate the remainder when b is divided by j.
3
Let r = -2180 - -2205. Suppose 5*s - g - 46 = 0, -4*g = -4*s + 22 + 18. Calculate the remainder when r is divided by s.
7
What is the remainder when 120 is divided by 21 - (24/8)/3?
0
What is the remainder when 180 is divided by 4/(-8)*47*(-5 + 3)?
39
Suppose 5*g = -25, 0 = -10*i + 5*i - 2*g + 265. What is the remainder when 159 is divided by i?
49
Let m be 18/(-12) - (-6)/(-4). Let v(s) = 6*s**2 + 3. Suppose 79 = 7*a - 5. Calculate the remainder when v(m) is divided by a.
9
Let s = -24 - -24. Suppose 2*k + s*k = 24. What is the remainder when 70 is divided by k?
10
Suppose 52*c - 44*c = 368. What is the remainder when 163 is divided by c?
25
Let u(i) = i**2 + i + 4. Let g be u(-3). Suppose -30*b - 47 + 737 = 0. What is the remainder when b is divided by (-12)/g*(-20)/3?
7
Let f = 1007 + 847. What is the remainder when f/24 - 1/4 is divided by 26?
25
Suppose 0 = c + 4*d + 11, d = 4*c - 0*d + 10. Calculate the remainder when 12 is divided by (3 - 35/(-5)) + c.
5
Let x = 40 + -29. Let k be (-4 + 7)/(6/170). Let m = k - 55. Calculate the remainder when m is divided by x.
8
Suppose 0 = -2*z + 30 - 22. Suppose -3*n + 3*r - 3 = 0, -11 = 5*n + 2*r + 1. Calculate the remainder when n/12 + 230/12 is divided by z.
3
Suppose -59*q = -60*q + 15. Suppose -2*w + 80 + 124 = 0. What is the remainder when w is divided by q?
12
Suppose 0 = -4*o + 8*o - 8. Let s(q) = -q**2 - 6*q - 6. Let d be s(-5). Calculate the remainder when 53 is divided by o - (d*18 + 2).
17
Suppose 125 = 5*q - 0*q. Calculate the remainder when q is divided by (-13)/((-78)/60) + (2 - -2).
11
Suppose 0 = -4*p - 5*g - 17, 5*g = -2*p + 2*g - 11. Suppose 29 = p*w + 3. Calculate the remainder when (-3 - -7 - 1) + 33 is divided by w.
10
Suppose -5*a + 5*u + 35 = 0, -3*u + 7 = 3*a - 14. Suppose -3*c - 19 = 2*w - 7*w, 4*c - 23 = -3*w. What is the remainder when 128/a - (-4)/(-14) is divided by w?
3
Suppose 0 = 54*t - 31*t - 161. Let u(a) be the third derivative of -a**5/60 + 5*a**4/12 + a**3 - 2*a**2. What is the remainder when u(5) is divided by t?
3
Let y = 23 + -13. Suppose 24 = b - 3*u, 2*b - 15 = -3*u - 2*u. Calculate the remainder when b is divided by y.
5
Calculate the remainder when 107 is divided by ((264/(-9))/2)/((-172)/258).
19
Let k be ((-16)/(-6))/((-22)/(-231)). Suppose x + 5*u - 26 = 0, -3*u + 2*u = 4*x - k. What is the remainder when x is divided by 4?
2
Let g(f) = 14*f + 27. Suppose -3*i + 4*i + j = 27, 5*i - 138 = -2*j. Calculate the remainder when g(4) is divided by i.
27
Suppose 0 = -47*d + 38*d + 378. Calculate the remainder when 283 is divided by d.
31
What is the remainder when 287 is divided by (1 + 1)/((-10)/(-60))?
11
Suppose 3*c = -6, 4*n - 1449 = c + 109. Calculate the remainder when n is divided by 49.
46
Let x = 7 - 2. Let i(w) = 13*w**3 + 6*w**2 - 8*w**2 - x*w**3 + w. Calculate the remainder when 19 is divided by i(1).
5
Suppose -493 = -15*d - 13. What is the remainder when 125 is divided by d?
29
Suppose -3*m + 16 = -11. Let a = -98 + 124. Calculate the remainder when a is divided by 120/m - 4/(-6).
12
Let m(l) = l**3 - 12*l**2 + 3*l + 5. Let a be (9/(-2))/((-4)/64*6). Let d(y) = -y**3 + 4*y**2 + 5*y + 1. What is the remainder when m(a) is divided by d(4)?
20
Let o = 21 + -8. What is the remainder when (-2)/(6/15)*(8 - 13) is divided by o?
12
Let j = -63 - -36. Let r = j + 46. Calculate the remainder when 0 + -1 - (4 + -61) is divided by r.
18
Suppose -6*o + 9*o = 21. Suppose o = -4*i + 27. Suppose -273 = -13*s - 26. What is the remainder when s is divided by i?
4
Let u = 1078 - 1044. Calculate the remainder when 232 is divided by u.
28
Suppose 19*d - 195 = 6*d. Calculate the remainder when 116 is divided by d.
11
Let f(g) = -g**2 - 20*g - 36. Let b = -23 - -44. What is the remainder when f(-15) is divided by b?
18
Let o be 528/20 - (-4)/(-10). Suppose -4*k + 0*k = p - 27, 4*k - o = -2*p. Suppose 13*n - 20 = 8*n. What is the remainder when k is divided by n?
3
Let i = -176 - -200. Calculate the remainder when 163 is divided by i.
19
Calculate the remainder when -2*(-10 - -20 - 45) is divided by 20.
10
Let h = 29 + -27. Let s(m) = m - 9*m**h + 17*m**2 - 5 - 2*m - 6*m**2. What is the remainder when s(-3) is divided by 9?
7
Let a be (-2)/7 + (-86)/(-7). Suppose a = -5*i + 8*i. Suppose -124 = -i*z + 4*t, z + t - 71 = -z. What is the remainder when 65 is divided by z?
31
Let g be 0 + (1 - 0) + 11. Calculate the remainder when g/42 - 96/(-7) is divided by ((-24)/(-14))/(14/49).
2
Suppose 34*d - 32*d - 90 = 0. What is the remainder when 220 is divided by d?
40
Let x be (-112)/(-24) - 2/3. Calculate the remainder when -2 - -1 - (-2 + -9) is divided by 4/(-8)*(-24)/x.
1
Suppose -3*c - 2*c + 5*i = 20, -5*c - 12 = -3*i. Suppose j + 4*j - 30 = c. Suppose j*n - 2*n - 36 = 0. What is the remainder when 33 is divided by n?
6
Let f = 6 - 14. Let s = 14 + f. Let q(x) = -x**3 + 14*x**2 - 14*x + 16. Calculate the remainder when s is divided by q(13).
0
Let f(y) = y**2 - 4*y - 2. What is the remainder when f(8) is divided by 5?
0
Suppose 0 = 2*m + 3*m - 125. Let g(d) = 12*d. Let z be (-5 + 17)*(-4)/(-6) - 0. Calculate the remainder when g(z) is divided by m.
21
What is the remainder when 53 is divided by (-176)/(-55) + (-1)/5?
2
Let j(d) = d + 14. Suppose -3*t + 39 = -3*o, -5*o + 4*t - 10 = 51. What is the remainder when 24 is divided by j(o)?
4
Let z(l) = 25*l**2 - 2*l - 2. Let o be z(-1). Let c = 35 - o. What is the remainder when 38 is divided by c?
8
Let v(h) = 5*h**3 - 2*h**2 + 2*h - 1. Let z be v(1). Suppose -2*d - 30 = -z*d. Calculate the remainder when ((-114)/8)/((-2)/8) is divided by d.
12
Suppose 7*q - 2*k - 34 = 3*q, -14 = -q - 5*k. Suppose -32 - 108 = -5*r. Calculate the remainder when r is divided by q.
1
Let a(n) = 4*n**3 - 3*n**2 + 2*n + 8. Calculate the remainder when a(3) is divided by 14.
11
Let l(g) = -g**3 + 33*g**2 + 112*g - 116. What is the remainder when 146 is divided by l(36)?
6
Let z = 117 - 113. Suppose z*r + 221 = 3*s, 4*s - 347 = -s - 4*r. What is the remainder when s is divided by 24?
23
Let t(m) = 4*m**2 - 3*m - 12. Let j = -11 + 20. Suppose -4*n + j*n - 65 = 0. Calculate the remainder when t(-4) is divided by n.
12
Let m(j) = -5*j**3 + j**2 - j - 1. What is the remainder when m(-2) is divided by (3 + (-50)/15)*-48?
13
Let m = 1879 - 1485. What is the remainder when m is divided by 196?
2
What is the remainder when 34 is divided by (-27)/63 + (387/21 - 0)?
16
Let a(g) = 0 + 4*g**2 - 3*g**2 - 12 + 7*g - 3. Calculate the remainder when a(-9) 